 p(f) = f**2 - 29*f - 270. What is p(-6)?
-60
Let i(v) = -268464*v + 2953097. What is i(11)?
-7
Let q(b) = -b**3 - 150*b**2 - 58*b - 9253. Determine q(-150).
-553
Let d(v) = 39*v + 477. Determine d(-2).
399
Let t(o) = -o**2 + 52376*o - 261817. Calculate t(5).
38
Let b(v) = 25*v**3 + 197*v**2 + 36*v + 493. Determine b(-8).
13
Let h(d) = -2*d**2 - 3609*d + 602. Give h(0).
602
Let b(o) = 36712*o - 1138062. What is b(31)?
10
Let r(w) = -66*w**2 - 629*w + 110. What is r(-9)?
425
Let p(c) = -6071*c - 67105. Calculate p(-11).
-324
Let f(b) = -11*b**2 + 1140*b + 284. Calculate f(104).
-132
Let l(t) = -444*t - 24905. What is l(-55)?
-485
Let n(o) = -64*o**2 + 5625*o + 36713. Determine n(94).
-41
Let q(n) = 265*n - 11613. Give q(49).
1372
Let g(j) = 17*j**2 + 5462*j - 5467. What is g(1)?
12
Let s(r) = 5*r**3 - 97*r**2 - 507*r - 9. What is s(-5)?
-524
Let o(v) = v**2 - 4321*v + 21661. What is o(5)?
81
Let q(t) = t**3 - 572*t**2 - 5230*t + 558. Calculate q(581).
-23
Let n(z) = 446*z - 36582. Give n(82).
-10
Let r(s) = -31833*s + 63869. Give r(2).
203
Let o(k) = 2*k**2 + 431*k + 17647. Calculate o(-56).
-217
Let g(o) = -126*o - 567. What is g(2)?
-819
Let t(c) = -519438*c - 8310998. Calculate t(-16).
10
Let k(m) = -854264*m + 25627923. What is k(30)?
3
Let t(g) = 79600*g + 2228744. Calculate t(-28).
-56
Let r(k) = -2*k**3 - 14*k**2 + 1189*k + 8250. Give r(-7).
-73
Let o(w) = -37793*w - 340189. What is o(-9)?
-52
Let a(v) = -3*v**3 + 5*v**2 + 15*v - 124. What is a(5)?
-299
Let v(p) = 3*p**2 + 101*p + 691. Calculate v(-24).
-5
Let u(g) = -g**2 - 1662*g + 30208. What is u(18)?
-32
Let f(w) = w**3 - 26*w**2 + 7447*w - 51210. Determine f(7).
-12
Let d(o) = -2372*o + 75825. Calculate d(32).
-79
Let g(t) = 7*t**3 - 908*t**2 - 12250*t + 5403. What is g(142)?
7
Let w(v) = 3285*v**2 - 4329*v - 4331. Calculate w(-1).
3283
Let m(w) = 5131*w - 164232. Give m(32).
-40
Let b(f) = -101*f**2 - 36*f - 70. Calculate b(-3).
-871
Let h(i) = 2657*i - 18478. Give h(7).
121
Let s(q) = -3794*q + 15132. Calculate s(4).
-44
Let b(s) = 166*s**2 + 150*s - 76. Determine b(0).
-76
Let k(u) = 3*u**2 + 187*u + 2690. Give k(-22).
28
Let m(j) = j**3 - 86*j**2 - 11*j + 8161. Give m(85).
1
Let q(c) = -c**2 + 79*c + 3071. What is q(-28)?
75
Let o(x) = -151*x**2 + 31285*x - 5796. Determine o(207).
0
Let f(i) = 8*i**2 + 10672*i + 74314. What is f(-7)?
2
Let f(u) = 81469*u - 81406. Calculate f(1).
63
Let m(l) = l**3 + l**2 - 25*l + 235. What is m(-7)?
116
Let a(b) = -b**3 - 24*b**2 - 50*b + 121. Calculate a(-4).
1
Let a(o) = -13*o**2 - 1268*o + 38798. What is a(-122)?
2
Let w(t) = -t**2 + 5029*t + 819612. What is w(-158)?
66
Let i(r) = -19*r**2 + 1789*r + 3601. What is i(96)?
241
Let b(p) = 12*p**3 + 456*p**2 - 50*p - 141. Give b(-38).
1759
Let g(o) = -5*o**2 - 524*o - 3921. Determine g(-8).
-49
Let z(g) = 2*g**2 + 1115*g - 13719. Give z(12).
-51
Let b(n) = -2*n**3 + 508*n**2 + 24859*n + 1474. Give b(296).
-6
Let f(j) = -56*j - 4285. Calculate f(-62).
-813
Let y(x) = x**3 + 199*x**2 + 1511*x - 3270. Give y(-191).
-23
Let c(d) = 2*d**2 + 1067*d + 88020. Give c(-102).
-6
Let o(i) = -i**3 - 62*i**2 - 130*i - 129. Determine o(-2).
-109
Let j(v) = -25*v**2 - 122*v - 445. Calculate j(-8).
-1069
Let p(w) = -7740*w + 7672. Determine p(1).
-68
Let a(d) = 5267*d - 105340. What is a(20)?
0
Let d(t) = 4*t**2 + 689*t - 113039. Determine d(-275).
-14
Let t(r) = -2*r**2 + 6437*r - 83830. What is t(13)?
-487
Let r(o) = -5*o**2 + 142*o + 624. Determine r(24).
1152
Let u(l) = -l**3 + 124*l**2 - 2954*l + 423550. Determine u(127).
5
Let j(a) = -3645*a - 47624. Give j(-13).
-239
Let t(w) = -w**3 + 8*w**2 + 1731*w + 15387. What is t(-10)?
-123
Let d(t) = 2*t**3 - 154*t**2 - 149*t - 145. Give d(78).
401
Let n(d) = -8545*d - 5603. What is n(-1)?
2942
Let v(z) = 3*z**2 - 108*z - 2267. Give v(-23).
1804
Let d(o) = -8*o + 635. Determine d(10).
555
Let k(x) = 9*x**3 - 70*x**2 + 338*x - 80. Calculate k(4).
728
Let d(h) = -1621*h + 8126. Determine d(5).
21
Let t(y) = 84*y + 9821. What is t(-118)?
-91
Let l(t) = 2639*t**3 + 44867*t**2 + 73*t + 81. Calculate l(-17).
-4
Let q(c) = c**2 + 1287*c - 1447721. Calculate q(721).
47
Let d(v) = 253701*v - 1268508. What is d(5)?
-3
Let n(i) = -226*i - 6795. Give n(-30).
-15
Let i(q) = -21*q**3 - 6*q**2 + 237*q + 948. Calculate i(-4).
1248
Let l(o) = o**3 + 295*o**2 + 2017*o + 359. Give l(-288).
71
Let q(h) = 16865*h + 83634. Give q(-5).
-691
Let v(k) = -1974*k + 7219. Give v(3).
1297
Let c(k) = -828*k**3 - 3*k**2 + 5*k + 7. What is c(-1)?
827
Let v(i) = 2*i**3 - 84*i**2 - 63*i - 999. Determine v(43).
-10
Let y(k) = 576*k + 46258. What is y(-80)?
178
Let p(d) = -21751*d + 239416. Give p(11).
155
Let f(d) = -2*d**3 - 15*d**2 - 115*d - 922. Calculate f(-10).
728
Let i(z) = -3*z**2 + 281*z - 632. Calculate i(74).
3734
Let h(o) = -10162*o - 223480. Calculate h(-22).
84
Let k(d) = 2*d**3 + 184*d**2 - 358*d - 673. Give k(-94).
-2365
Let g(z) = z**3 + 329*z**2 - 6983*z - 1043. What is g(-349)?
4
Let q(r) = 27*r**3 - 195*r**2 - 642*r + 4704. Calculate q(7).
-84
Let w(m) = -m**3 - 212*m**2 - 634*m - 1452. Determine w(-209).
11
Let c(i) = i**3 - 10*i**2 + 37*i - 285. Determine c(14).
1017
Let g(z) = z**2 + 1740*z + 412324. Determine g(-283).
-7
Let g(a) = 42*a**3 + 4993*a**2 - 571*a + 2853. What is g(-119)?
-3
Let i(v) = 6*v**2 + 304*v - 9515. Give i(26).
2445
Let h(k) = k**2 - 182*k + 7883. Give h(113).
86
Let q(m) = m**3 + 19*m**2 - 1329*m + 279. Determine q(28).
-85
Let c(a) = 73*a - 3788. Determine c(36).
-1160
Let x(y) = -46369*y - 278064. Determine x(-6).
150
Let z(u) = -854*u**2 - 6565*u - 4125. Determine z(-7).
-16
Let i(t) = -t**2 - 27164*t - 15808550. Calculate i(-595).
5
Let h(d) = -20*d**3 - 660*d**2 - 51*d - 1689. Calculate h(-33).
-6
Let z(r) = -r**2 - 44725*r + 715849. Determine z(16).
-7
Let k(r) = 225*r + 67615. Determine k(-301).
-110
Let p(m) = 3592*m - 1081198. Calculate p(301).
-6
Let d(g) = -125*g - 4635. Determine d(-39).
240
Let o(s) = -5*s**2 + 23*s + 212. Determine o(5).
202
Let t(q) = q**2 - 8*q - 340. Give t(-21).
269
Let c(u) = u**3 + 54*u**2 + 168*u + 739. Calculate c(-51).
-26
Let m(n) = -175*n + 7579. Calculate m(40).
579
Let a(c) = -448669*c - 4038018. Determine a(-9).
3
Let m(f) = -3*f**3 + 23*f**2 + 257828*f - 2062565. Give m(8).
-5
Let i(l) = 26684*l - 80060. Give i(3).
-8
Let t(i) = 2473*i - 318448. Determine t(129).
569
Let r(m) = m**3 + 11*m**2 - 1908*m - 13496. Give r(-7).
56
Let y(u) = -u**3 + 38*u**2 + 822*u + 2885. What is y(-12)?
221
Let i(o) = o**2 + 254*o + 15469. Give i(-154).
69
Let o(k) = -6*k**3 + 329*k**2 - 2693*k + 25. Calculate o(10).
-5
Let x(r) = -734*r + 12079. Give x(18).
-1133
Let d(j) = 24644*j - 1971527. Give d(80).
-7
Let v(u) = 1232*u - 798365. What is v(648)?
-29
Let m(q) = 2*q**3 + 233*q**2 - 3627*q - 235. Calculate m(14).
143
Let h(l) = 71996*l - 71656. Calculate h(1).
340
Let r(z) = -2194*z - 24108. Calculate r(-11).
26
Let u(m) = 425*m - 15278. Determine u(36).
22
Let w(u) = 5312*u**2 - 2653*u + 2652. Calculate w(1).
5311
Let f(v) = -1648*v + 349372. Give f(212).
-4
Let y(o) = -2*o**3 + 175*o**2 + 55*o + 2984. Determine y(88).
80
Let c(u) = -94883*u + 379529. What is c(4)?
-3
Let g(p) = -11*p**2 - 245*p - 69. What is g(-22)?
-3
Let y(f) = 67*f**3 + 18*f**2 + 38*f + 18. What is y(-3)?
-1743
Let x(j) = 97*j**2 + 81*j - 2019. What is x(-5)?
1
Let v(s) = -s**3 + 149*s**2 - 282*s - 1785. Give v(147).
-21
Let v(z) = -785*z - 8601. Determine v(-11).
34
Let y(u) = -u**3 - 46*u**2 + 122*u - 1337. Calculate y(-51).
5446
Let l(w) = 14364*w + 316014. Calculate l(-22).
6
Let j(w) = -w**3 - 1768*w**2 - 92555*w + 50. Give j(-54).
-4
Let u(t) = 9*t**2 - 624*t + 7344. What is u(12)?
1152
Let x(q) = -704*q - 5246. Calculate x(-7).
-318
Let c(s) = 142906*s + 1286155. Calculate c(-9).
1
Let u(o) = -176*o + 8802. Calculate u(50).
2
Let a(g) = 15*g**2 - 404*g - 12188. Give a(45).
7
Let l(f) = 718*f + 1614. Calculate l(-3).
-540
Let u(l) = 242*l**2 - 8948*l + 6. Determine u(37).
228
Let g(k) = -11969*k - 646330. What is g(-54)?
-4
Let g(p) = -219*p - 2857. Give g(-27).
3056
Let v(b) = 12093*b + 1390702. Determine v(-115).
7
Let r(x) = -3*x**2 + 195*x - 311. Give r(64).
-119
Let s(p) = -992*p - 103. Determine s(0).
-103
Let m(i) = 625448*i + 625452. C